et r(l) = l + 20. Let y be r(7). What is the greatest common divisor of 3 and y?
3
Let t = 54 + -51. Calculate the highest common factor of 1 and t.
1
Let t = -56 + 108. What is the highest common factor of t and 78?
26
Let q(g) = g**3 - 5*g**2 + 5*g - 3. Let a be q(3). Let x be (9/a)/((-12)/32). What is the highest common factor of 4 and x?
4
Let o(c) = 3*c - 1. Let s = 21 - 10. Let b be o(s). Calculate the highest common factor of b and 4.
4
Suppose -4*q = -3*v - 23, 2*v = -q + 4 + 10. What is the highest common divisor of q and 40?
8
Let b = -1 + 3. Suppose t + b*a + a - 11 = 0, 0 = -a. Calculate the highest common divisor of 33 and t.
11
Suppose 16 = -2*z + 88. What is the greatest common factor of z and 54?
18
Suppose 3*m + 0*m - 72 = 0. Suppose 5*u = g + 99 - 23, -u + 3*g + 4 = 0. What is the highest common divisor of m and u?
8
Let s(g) = 2 + 0 + 3*g - 5*g - 2*g. Let k be s(-3). Let r be 56 + 0 - 0/(-2). Calculate the highest common factor of k and r.
14
Let x(g) = g**3 - 3*g**2 - 9*g. Let f be x(7). Suppose -f = -4*i - 13. Calculate the greatest common divisor of i and 45.
15
Let h be 3/(-5) + (-94)/10. Let y = -2 - h. What is the greatest common factor of 32 and y?
8
Suppose -3*t = 15, -3*c = -0*c - t - 83. Calculate the highest common factor of c and 39.
13
Suppose 5*y = 3*y + 130. Let a be 45/10 + 1/2. Suppose -a*q + 26 = -3*q. Calculate the highest common divisor of y and q.
13
Suppose 0 = 3*l + l + 4*n - 12, 2*l - n = 12. Suppose 0 = 8*h - l*h - 18. What is the highest common factor of 30 and h?
6
Let h(s) = 2*s + 30. Let x be h(-8). Calculate the greatest common divisor of x and 266.
14
Let j(h) = -3*h**3 - h**2 - h - 2. Suppose -9*l + 4*l = 10. Let z be j(l). Calculate the highest common divisor of 80 and z.
20
Let v = -5 + 16. Calculate the highest common factor of v and 121.
11
Suppose -48 = -m - 3*m. Let d = -3 + m. Calculate the highest common factor of 3 and d.
3
Suppose 5*j = 4*j - 4*q - 1, -4*j = 5*q - 40. What is the highest common divisor of 120 and j?
15
Let i(r) = 19*r**2 + 1. Let a be i(1). Suppose 5*z - a = -5, -3*m + z + 33 = 0. Let s = -22 + 106. Calculate the highest common factor of m and s.
12
Suppose 0 = -2*u + 2 - 42. Let w = u + 26. What is the greatest common factor of w and 4?
2
Suppose 0 = 3*m + 89 + 73. Let c be (-5)/(-25) + m/(-5). What is the greatest common factor of c and 33?
11
Let n be 150 - (0 - 0 - 1). Let o = n - 226. Let b be 6*(o/9)/(-5). Calculate the highest common factor of b and 50.
10
Let g be (-180)/27*(-108)/5. What is the highest common divisor of g and 16?
16
Let f(o) = o**2 + o. Let h be f(6). Suppose 4*k - 7 = 1. Let n be -2 - -9 - 2/k. Calculate the highest common factor of n and h.
6
Suppose 0 = 2*y - 0*y - 2*s - 16, 0 = 4*s. Calculate the greatest common factor of 8 and y.
8
Suppose 0 = -3*d + d + 154. Let f(p) = -p**2 + 9*p - 7. Let m(l) = l - 4. Let c be m(11). Let z be f(c). What is the highest common factor of z and d?
7
Let n = 4 - 10. Let u be n/(0 - -2 - 1). Let r = 8 + u. What is the greatest common divisor of r and 18?
2
Let g(m) = -2*m. Let j be g(-9). Let w(r) = r**3 + 6*r**2 - 2. Let b be w(-4). Let d = b - j. What is the greatest common factor of d and 8?
4
Suppose 0 - 4 = -v. Let n(k) = 12*k. Let c(g) = -2*g - 3. Let z be c(-3). Let r be n(z). Calculate the greatest common divisor of v and r.
4
Let b = -6 - -16. Calculate the greatest common divisor of 10 and b.
10
Let d be ((-1)/(-1))/((-3)/(-87)). What is the greatest common factor of 145 and d?
29
Let l be -2 + (-2 + 10)/2. Let b(u) = 10 - u - 7*u**l + 7*u + 0*u + u**3. Let q be b(7). What is the highest common factor of 13 and q?
13
Let m = -18 + 35. Let t(p) = p**2 - 2*p + 2. Let d be t(5). Calculate the highest common divisor of m and d.
17
Let c be 2/((-3 - -1)/(-14)). Let r(n) = n**2 - 8*n + 12. Let b be r(9). Calculate the greatest common factor of c and b.
7
Let w = 9 - 4. Suppose -12*u = -10*u. Let i = 5 - u. What is the greatest common divisor of i and w?
5
Suppose -53 = -5*k + 32. Suppose 20 = t - 4*z, 0 = 3*t - z - 13 - 3. Let q(a) = a**2 - a + 5. Let i be q(t). What is the greatest common divisor of i and k?
17
Suppose -76 + 25 = -3*y. Suppose 5*z - 132 = -y. What is the greatest common factor of 184 and z?
23
Let j = 0 - 5. Let h = j - -6. Let z = 2 + h. What is the highest common divisor of 33 and z?
3
Let s = -112 + 131. What is the highest common factor of 171 and s?
19
Let j(v) = -v**3 + 5*v**2 + v + 5. Let x be j(5). Let w be ((-9)/(-15))/(2/10). Let d be w/(2/(-4) - -2). Calculate the greatest common factor of x and d.
2
Let w be 4/24*-26*-6. Let h = w - 16. What is the greatest common factor of h and 20?
10
Suppose 0 = 3*i - 2*i - 5. Suppose i*m - 38 = 2. Let a be m/3*30/8. What is the greatest common factor of a and 2?
2
Let y(s) = -s**3 + 2*s + 5. Let h be y(0). Suppose -u - h = -21. Let w be ((-6)/4)/(2/(-32)). What is the highest common factor of w and u?
8
Suppose 11 + 29 = v. What is the highest common factor of 20 and v?
20
Suppose 2*j + 2*w = 6*w + 2, -4*j - w + 13 = 0. Suppose j = m + 1. Let q = m - 1. Calculate the highest common divisor of q and 1.
1
Let r(u) = -u**2 + 18*u - 3. Let d be r(10). Let k = 16 + -9. Calculate the greatest common factor of d and k.
7
Let c = 0 + -1. Let k(n) be the third derivative of -5*n**4/4 + 6*n**2. Let m be k(c). What is the highest common divisor of 45 and m?
15
Suppose 73*r - 70*r - 390 = 0. What is the highest common divisor of 26 and r?
26
Let v be ((-2)/(-2))/(-1)*-77. Suppose 0*n + 33 = 3*n. What is the greatest common divisor of n and v?
11
Let s(h) = h**2 - 5*h - 3. Let y be s(-7). Suppose 7*q - 21 - 42 = 0. Calculate the highest common divisor of q and y.
9
Let k be (-4 - 0)/1 - -10. Let r(w) = -w**2 - 15*w - 6. Let u be r(-6). What is the greatest common factor of k and u?
6
Let q(x) = 2 + 0 - x**2 + 3*x + 11*x. Let f be q(6). Suppose -5*g + 11 + 39 = 0. What is the highest common factor of f and g?
10
Let j(g) = -g**3 - 3*g**2 - 3*g + 2. Let p be j(5). Let z be p/(-9) - 2/(-6). What is the greatest common factor of 12 and z?
12
Let j be (-1 - 0)*0/1. Suppose -3*f = 2*c - 5*c + 12, j = 3*c + 2*f - 12. What is the highest common factor of 24 and c?
4
Let p(x) = 13*x**2. Let c be p(-1). Calculate the highest common divisor of 130 and c.
13
Suppose l - w = -l - 3, 5*w + 30 = -5*l. Let s = -11 + 11. Let g be ((l - 18) + s)*-1. What is the greatest common factor of 3 and g?
3
Suppose -2*h = -0*h - 24. What is the highest common factor of h and 12?
12
Suppose 4 + 4 = 4*f. What is the highest common divisor of f and 6?
2
Let d be (-82)/(-2) + (-7 - -8). Calculate the highest common divisor of 63 and d.
21
Suppose 0 = -4*f + 2*f + 6. What is the greatest common factor of f and 27?
3
Let b = 2 + -2. Let v = 1 + 13. Let t = v - b. What is the greatest common divisor of t and 126?
14
Let q = -131 - -185. Suppose 3*o - 24 = -o. What is the greatest common factor of q and o?
6
Let z be (60/(-48))/((-2)/40). What is the highest common factor of 25 and z?
25
Suppose 2 = -4*v - 2. Let o be ((-1)/(2/14))/v. Let y be (0 + 140)*(-1)/(-2). Calculate the highest common factor of o and y.
7
Let j = -12 + 7. Let v = 8 - j. Let m(f) = f**3 + f**2 + f + 26. Let l be m(0). Calculate the highest common divisor of v and l.
13
Let a = -5 - -20. Calculate the greatest common factor of 135 and a.
15
Let u = 49 + -8. Suppose 3*t + 11 = u. Calculate the highest common factor of t and 10.
10
Suppose 0 = -5*y + 5*x + 25, x + 1 + 0 = 0. Calculate the greatest common factor of y and 4.
4
Let h be (-4)/14 - 20/28. Let f = 1 + h. Suppose 255 = -f*u + 3*u. Calculate the greatest common divisor of 17 and u.
17
Let v(n) = n + 21. Let i be v(-9). Calculate the highest common factor of 6 and i.
6
Let x be 48/(-18)*(-9)/(-4). Let l = 30 + x. What is the highest common divisor of l and 8?
8
Let h(i) = -i**3 - 10*i**2 - 7*i + 22. Let q be h(-9). What is the greatest common divisor of q and 16?
4
Suppose -x - f = -7, 4 = -4*x + 5*f + 5. Suppose 0 = 2*o - x - 0. Calculate the greatest common divisor of 2 and o.
2
Suppose 0 = 2*t - 26 - 0. Let j be (48/(-15))/(4 - 262/65). Calculate the greatest common factor of t and j.
13
Suppose 0 = -k + f + 7, -3*k = -2*k - 5*f + 1. Calculate the